 Suppose h*c + d = -3. Let m(t) = -2*t - 6. What is m(c)?
4
Let j(w) = w**2 + 2*w + 3. Let y = 46 - 26. Let p be ((-16)/y)/((-2)/(-5)). What is j(p)?
3
Let v be 1/1*(0 - -1). Let z(p) be the third derivative of 1/12*p**5 + 0 + 1/6*p**3 - 1/24*p**4 + 0*p + 7*p**2. Give z(v).
5
Let v(x) = -1 + 12 - 6 - 8 + 2*x. Give v(6).
9
Let k(h) be the second derivative of 3/2*h**2 - 5*h + 0 + 1/6*h**3. Give k(-3).
0
Let u(n) = 4*n**2 + 3*n + 4. Let v(j) = -j**2 + 7*j + 3. Let g be v(7). Let d(r) = -5*r**2 - 2*r - 4. Let y(l) = g*d(l) + 4*u(l). Give y(-5).
-1
Let z(b) be the second derivative of b**4/12 - 2*b**3/3 + b**2 - 15*b. Calculate z(5).
7
Let y(z) be the first derivative of z**3/3 + 5*z**2/2 - 2. What is y(-6)?
6
Let h(t) = -9*t**3 + t**2 + t + 1. Let v be (2 + 1)*21/(-63). Determine h(v).
10
Let j(v) = v**2 + 3*v - 6. Suppose 8 + 7 = -3*g. What is j(g)?
4
Let l(w) be the first derivative of w**3/3 + 3*w**2 + 5*w - 1. Let p = 2 - -2. Let z = p + -8. Give l(z).
-3
Let f(y) = -8*y - 19. Let s(b) = -4*b - 9. Let t(q) = 6*f(q) - 13*s(q). Give t(-6).
-21
Let w(p) = 27*p**2 + 14*p + 10. Let l(i) = -23*i**2 - 12*i - 9. Let x(h) = -7*l(h) - 6*w(h). Let o = 1 + 3. Determine x(o).
-13
Let g(b) be the first derivative of 2*b**3/3 + 5*b**2/2 + 2*b - 1. Give g(-3).
5
Let n(i) = -6*i - 12. Let a(w) = -3*w - 6. Let m(g) = 5*a(g) - 2*n(g). Suppose c - 4*v + 5 = 0, -c - 4 = 3*v + 1. Calculate m(c).
9
Let g(k) = -5*k**2 + 3*k + 2. Let v(t) = -4*t**2 + 3*t + 2. Let s(q) = 3*g(q) - 4*v(q). What is s(5)?
8
Let f(l) = -10*l - 13*l**2 + 14*l**2 - 3 + 1. Give f(10).
-2
Suppose 0 = -5*d + 64 + 16. Let x be (5 + -1)*(-20)/d. Let c(f) = -2*f - 6. Calculate c(x).
4
Let a(q) = 3*q - 2. Let h = 10 + -5. Suppose 5*k = -5*z + 25, -z = k - 3*k + 10. Suppose h*v - 31 = -b + k*b, -4*v = 3*b. What is a(v)?
7
Let d(c) = -c + 10. Let p(k) = -k**2 - 4*k + 8. Let r be p(-6). Let i be r + 1 - (0 + -3). Give d(i).
10
Let n be 2*2/4*1. Let j(p) = 7 + p - 3 - n. Let l = 1 + -4. Determine j(l).
0
Let s = -6 - -7. Let z(d) = -2*d**2 + d**3 - s + 0*d**3 + d**2 + 4*d**2 - 2*d. Determine z(-4).
-9
Let i(u) be the first derivative of -u**2/2 + 64. Let c(h) = -h**2 - 7*h - 7. Let g be c(-6). Determine i(g).
1
Let r be (4/(-8) - 6/(-4))*1. Let a(f) = 6*f**2 + 1. Calculate a(r).
7
Let u(t) = t**2 + 3*t + 2. Suppose 4*d = -5*j + 132, -4*j - 96 = -5*d + 28. Suppose -4*z = -4*n - d, n - 2 - 6 = -4*z. Calculate u(n).
6
Let p(s) be the first derivative of 0*s + 2 + 2*s**2 - 1/3*s**3. Determine p(4).
0
Let l(s) = -s**3 + 2*s**2 + 1. Let j(x) = x**2 + x + 2. Let k be j(-1). Give l(k).
1
Let g(k) = k**2 - 1. Let t(f) = 4*f**2 - 5*f. Let s(c) = 2*g(c) - t(c). Let y = 17 - 14. What is s(y)?
-5
Let a(i) = -8*i**3 - 2*i**2 - 2*i - 1. Suppose 0 = -3*m + 5*m - 2. Suppose n - m = -2. Give a(n).
7
Let j(g) be the first derivative of -g**3/3 - 5*g**2/2 - 2*g + 1. Let q = -2 + -3. Give j(q).
-2
Let d be -2 + (-3)/((-6)/(-74)). Let r be (-45)/d - 12/78. Let s(k) = 2*k**2 - 5*k - 7. Let x(h) = -h**2 + 2*h + 3. Let g(c) = 2*s(c) + 5*x(c). Calculate g(r).
0
Let v be (0 - 2)/(-3 - -1). Let g(h) = -2*h**2 - 7*h + 20*h + 3*h**2 + v - 9*h. What is g(-3)?
-2
Let t(f) = 2*f**3 - 5*f**2 - 2*f + 3. Let i(h) = -2*h**3 + 4*h**2 + 2*h - 3. Let c(m) = 3*i(m) + 2*t(m). Let v = 8 + -6. Give c(v).
-7
Let z(v) be the second derivative of v**5/20 + v**4/3 + v**3/3 - v**2 + 6*v. What is z(-3)?
1
Let q(a) = -7*a**2 - a. Suppose 0*n - 4*n + 20 = 0, 3*n - 14 = -x. What is q(x)?
-6
Let m(c) be the first derivative of -c**4/4 - c**3 + 2*c**2 + c + 3. Give m(-4).
1
Let l(a) be the first derivative of a**4/4 + 2*a**3 - 5*a + 10. Determine l(-6).
-5
Let i(p) = -2*p**2 - 12*p - 6. Let o(t) = t**2 + 6*t + 3. Let d(z) = -4*i(z) - 9*o(z). Give d(-6).
-3
Let z(q) be the second derivative of -2*q**3/3 - q. Let h = 3 + -5. Let x be 3 + -3 + h/(-1). What is z(x)?
-8
Let v(u) be the second derivative of -u**3/6 + 6*u**2 + 15*u. Calculate v(6).
6
Let r(g) be the first derivative of -3*g**2/2 + g + 1. Let a be 12/(-8)*2/3. Give r(a).
4
Let y be 3/6*-6 - -4. Let p be 2 - (-3 + 3)*y. Let q(d) = -d + 3*d + 7 + d**p + 5*d. Give q(-6).
1
Let u(s) = -s**2 - 1. Suppose -3*o + 3 = b, 4*o = 8*b - 3*b + 4. Let f be ((-4)/8)/o*0. Determine u(f).
-1
Let o(v) = -v**3 - 6*v**2 - 4. Let p(f) = -f**2 - 2*f - 5. Let g be p(0). Let i(c) = c**3 + 6*c**2 + c + 3. Let x(n) = g*o(n) - 6*i(n). Calculate x(-5).
7
Let f(a) = -3*a**2 - a**2 + 5*a**2 - 4*a - 3. Let p = 3 + 2. Suppose -3*w + 4*s + 12 = 0, -3 = p*w - 4*s - 23. Calculate f(w).
-3
Let r be -1 - ((8 - 1) + -6 + 4). Let s(z) = -8 + 0*z + z**2 - 3*z + 5*z. Give s(r).
16
Let u(f) = -f - 1. Let s be u(-1). Let b(m) = -4*m + s*m - 4*m - 3*m. Give b(1).
-11
Let f be (-12)/18 + (-2)/6. Let q be 4 + 1 - (f - -1). Let t = q - 7. Let u(i) = -i**3 - 3*i**2 + 1. Determine u(t).
-3
Suppose -5*j + 2*y = 0, -6*j - 2*y = -4*j. Let h(q) be the second derivative of q - q**2 + 2/3*q**3 + j + 1/12*q**4. Determine h(-5).
3
Let m(h) = -h - 4. Let u be -4 + 4/((-12)/(-21)). Determine m(u).
-7
Let g(v) be the first derivative of v**2/2 + 2*v + 1. Let t be (-4)/(-8)*(0 - -10). Suppose t*l + 3*c = -34, -l - 2*c - 17 = 2*c. Calculate g(l).
-3
Let t(a) = 2*a**2 + 2*a - 3. Suppose 6 = 5*z - 24. Suppose -16 + z = -2*c. Suppose 3*d - c - 1 = 0, 3*d = -5*v - 9. What is t(v)?
9
Let c(i) = -2*i - 3. Let m be c(-3). Let b(s) be the third derivative of s**4/12 + s**2. Let n(q) = 2*q + 1. Let w(u) = 3*b(u) - 2*n(u). Determine w(m).
4
Let v(q) = -2*q + 3. Let i be v(2). Let w be 2 + 1*(i - -3). Suppose w*f - 18 = 6. Let b(l) = l**3 - 7*l**2 + 7*l - 2. Calculate b(f).
4
Let h be 0 + -3 - (-7)/1. Let m be 2*(-1)/h*0. Let l(z) = z - 5. What is l(m)?
-5
Let m(b) = -b**3 - 10*b**2 - 8*b + 4. Let y be -3 - 4/(-8)*-12. Let d be m(y). Let s(l) = -l - 12. Give s(d).
-7
Let v(n) = -n**2 + 5*n - 2. Let h = 1 + 1. Suppose 3*r - 55 = -h*r. Suppose -3*u = 2*u + 5, -3*y + r = -2*u. Give v(y).
4
Let s(l) = -2 + 2*l + 3 + 0*l. Let y be (4/(-16))/1 - 15/4. Give s(y).
-7
Let n(s) be the second derivative of -3*s**5/5 - s**2/2 + 11*s. Give n(1).
-13
Let w(j) be the second derivative of -1/20*j**5 + 5/6*j**3 - 2*j + 0 + 5/12*j**4 + j**2. Suppose 10*d = 14*d - 24. Determine w(d).
-4
Let t = 1 + -3. Let i(g) = 4*g**3 - 4*g**2 - 9*g + 1. Let k(x) = x**3 - 2*x**2 - 3*x. Let s(f) = i(f) - 3*k(f). Determine s(t).
1
Let g(k) = k + 20. Let j be g(-10). Let n be j/(-6) - (-2)/(-6). Let q(p) = 2*p**3 + p**2 - 4*p - 3. Determine q(n).
-7
Let g(d) = -5 + 0*d**3 - 2*d + 4 - d**3 - 3*d**2. Suppose 12 = 3*b - 3. Let u be (9 - 4)*(-2)/b. Give g(u).
-1
Let s(h) = h**2 - 3*h - 4. Let l be (-8 - -3)*(-4)/4. Give s(l).
6
Let v(d) = -5*d. Let j be v(-1). Let u(w) be the third derivative of w**3 + 0 - 1/60*w**5 - 5*w**2 + 5/24*w**4 + 0*w. Calculate u(j).
6
Suppose 5*h - 8 = -3. Let t = h + 7. Suppose 5*y + t = y. Let z(p) = -5*p - 3. Calculate z(y).
7
Let l = 3 - 1. Suppose l*c - c = 6. Let f(q) = q**2 - 7*q. Determine f(c).
-6
Let a(f) = 11*f**2 - 9*f - 2. Let t(w) = 7*w**2 - 6*w - 1. Let i(y) = -5*a(y) + 8*t(y). Calculate i(3).
2
Let o(j) = 2*j - 4. Let v(a) = a**3 + 4*a**2 + 2*a. Let q be v(-2). Let b be -2*(-1 + (-6)/q). Calculate o(b).
6
Let r(x) = -2*x**2 - 6*x + 4. Let p(j) = -j**2 - 5*j + 4. Let n(z) = 3*p(z) - 2*r(z). Let l be 2/(-6) + (-660)/(-198). Determine n(l).
4
Let z(i) = i**2 - 6*i - 1. Let p be ((-2)/4)/(1/(-12)). Calculate z(p).
-1
Let g(p) = -20*p**2 + 11*p**2 + 13*p**2 - 3*p + 2*p. Calculate g(-1).
5
Let z(k) = -k**2 + k + 1. Let x(p) = p**3 + 4*p**2 - 8*p - 1. Let i(o) = -x(o) - 4*z(o). Let d be 3*1/((-6)/(-4)). Determine i(d).
-3
Let w be -8 + 2/(1 - 0). Let h = -8 - w. Let z(d) = 3*d + 5 + 2 - 1 - 5. Determine z(h).
-5
Let u(p) = -p**2 - 3*p + 3. Let b(v) = v + 11. Let h be b(-8). Suppose 0 = -h*n - 3 - 3. Let s be (-2 - n) + (-4)/(-2). Determine u(s).
-7
Suppose m - 2*m + 3*v = -8, 5*m - 10 = 5*v. Let i(g) be the first derivative of 0*g**3 + 3 - 1/2*g**2 - g + g**4. Determine i(m).
-4
Let g(t) = 4*t + 1. Suppose 0 = -4*o + o + 6. Give g(o).
9
Let a(n) = -n + 8. Let h be a(4). Suppose h = -t - t. Let l(y) = -y**3 - 3*y**2 + 2*y + 3. Calculate l(t).
-5
Let p(w) = 4*w + 1. Let x be p(-2). Let y = x - -8. Let j(b) = 3 - 2 + b**3 + 2*b**3 - 2*b**2. Calculate j(y).
2
Let n(z) = 0*